{"id":1192,"date":"2021-04-17T06:28:14","date_gmt":"2021-04-17T04:28:14","guid":{"rendered":"http:\/\/h2882894.stratoserver.net\/?page_id=1192"},"modified":"2021-06-05T15:15:22","modified_gmt":"2021-06-05T13:15:22","slug":"projekte-zum-mitmachen","status":"publish","type":"page","link":"https:\/\/www.sfc-ellerstadt.de\/?page_id=1192","title":{"rendered":"Projekte zum mitmachen"},"content":{"rendered":"\t\t<div data-elementor-type=\"wp-page\" data-elementor-id=\"1192\" class=\"elementor elementor-1192\">\n\t\t\t\t\t\t\t\t\t<section class=\"elementor-section elementor-top-section elementor-element elementor-element-c208646 elementor-section-boxed elementor-section-height-default elementor-section-height-default\" data-id=\"c208646\" data-element_type=\"section\">\n\t\t\t\t\t\t<div class=\"elementor-container elementor-column-gap-default\">\n\t\t\t\t\t<div class=\"elementor-column elementor-col-66 elementor-top-column elementor-element elementor-element-ce2b044\" data-id=\"ce2b044\" data-element_type=\"column\">\n\t\t\t<div class=\"elementor-widget-wrap elementor-element-populated\">\n\t\t\t\t\t\t\t\t<div class=\"elementor-element elementor-element-d6f3778 elementor-widget elementor-widget-spacer\" data-id=\"d6f3778\" data-element_type=\"widget\" data-widget_type=\"spacer.default\">\n\t\t\t\t<div class=\"elementor-widget-container\">\n\t\t\t\t\t<div class=\"elementor-spacer\">\n\t\t\t<div class=\"elementor-spacer-inner\"><\/div>\n\t\t<\/div>\n\t\t\t\t<\/div>\n\t\t\t\t<\/div>\n\t\t\t\t<div class=\"elementor-element elementor-element-59cbd9f elementor-widget elementor-widget-heading\" data-id=\"59cbd9f\" data-element_type=\"widget\" data-widget_type=\"heading.default\">\n\t\t\t\t<div class=\"elementor-widget-container\">\n\t\t\t<h2 class=\"elementor-heading-title elementor-size-default\">Projekte des SFC<\/h2>\t\t<\/div>\n\t\t\t\t<\/div>\n\t\t\t\t<div class=\"elementor-element elementor-element-8e596ce elementor-widget elementor-widget-text-editor\" data-id=\"8e596ce\" data-element_type=\"widget\" data-widget_type=\"text-editor.default\">\n\t\t\t\t<div class=\"elementor-widget-container\">\n\t\t\t\t\t\t\t<h4 style=\"text-align: center;\"><span style=\"color: #007000;\"><strong>Es gibt nichts Gutes &#8211; a<\/strong><\/span><span style=\"color: #007000;\"><strong>u\u00dfer man tut es<\/strong><\/span><\/h4><p><span style=\"color: #000000;\">Im Rahmen unseres Engagements haben wir verschiedene Aufgaben und Ziele definiert, die f\u00fcr uns von zentraler Bedeutung und auf Dauer angelegt sind.<br \/>Sie dienen dazu, den Verein weiterzuentwickeln, den Vorstand zu unterst\u00fctzen und wichtige Entscheidungen vorzubereiten.<\/span><br \/><br \/><\/p><p>Zur Zeit sind dies die Projekte<\/p><ul><li>Bachpatenschaft<\/li><li>Fischerwiese<\/li><li>IT im Verein<\/li><\/ul><p><br \/>Weitere Projekte werden hinzukommen.<br \/>Bei gr\u00f6\u00dferen Projekten sind unter Umst\u00e4nden noch Teilprojekte zu definieren. Innerhalb der Projekte\/Teilprojekte sind jeweils verschiedene Aufgaben zu bew\u00e4ltigen.<\/p>\t\t\t\t\t\t<\/div>\n\t\t\t\t<\/div>\n\t\t\t\t<div class=\"elementor-element elementor-element-4a85f7a elementor-widget elementor-widget-heading\" data-id=\"4a85f7a\" data-element_type=\"widget\" data-widget_type=\"heading.default\">\n\t\t\t\t<div class=\"elementor-widget-container\">\n\t\t\t<h4 class=\"elementor-heading-title elementor-size-default\">Die Aufgaben<\/h4>\t\t<\/div>\n\t\t\t\t<\/div>\n\t\t\t\t<div class=\"elementor-element elementor-element-d35c2cf elementor-widget elementor-widget-text-editor\" data-id=\"d35c2cf\" data-element_type=\"widget\" data-widget_type=\"text-editor.default\">\n\t\t\t\t<div class=\"elementor-widget-container\">\n\t\t\t\t\t\t\t<ul><li>Identifizieren und beschreiben von Handlungsbedarf<\/li><li>erforderliche\/notwendige Informationen beschaffen<\/li><li>definieren von Teilprojekten, Teilzielen und konkreten Aufgaben<\/li><li>Beteiligte und Vorstand \u00fcber Fortschritt, Probleme und aktuellen Stand informieren<\/li><li>\u00d6ffentlichkeitsarbeit zur Information, Aufkl\u00e4rung und Sensibilisierung<\/li><li>Planen und Realisieren von Internet oder Social-Media-Seiten<\/li><li>Erforderliche Projekthelfer mobilisieren<\/li><li>Kontakte zu anderen Vereinen und Institutionen herstellen und pflegen<\/li><li>Gemeinsame Programme\/Aktionen mit anderen Naturfreunden planen und koordinieren<\/li><li>Koordination von Aufgaben mit beteiligten Stellen<\/li><li>Termine planen<\/li><\/ul><p><strong><br \/>Wenn Sie Interesse daran haben, sich zusammen mit anderen netten Leuten jeden Alters sinnvoll in die Gesellschaft einzubringen, sind Sie bei uns genau richtig.<\/strong><\/p><p><strong>Im SFC haben Sie die M\u00f6glichkeit, sich in vielf\u00e4ltiger Art und Weise einzubringen, wenn Sie m\u00f6chten auch ohne Angelschein und Fischfang.<\/strong><\/p><p><strong>Sie m\u00f6chten sich nicht auf l\u00e4ngere Sicht an einen Verein binden, sich aber gelegentlich im Rahmen Ihrer Interessen und M\u00f6glichkeiten einbringen?<\/strong><\/p><p><strong>Kein Problem, auch das ist bei uns m\u00f6glich!\u00a0 \u00a0 \u00a0Interessiert?\u00a0 \u00a0 \u00a0 Fragen?<\/strong><\/p><p>Dann schreiben Sie uns doch einfach eine <a href=\"mailto: kontakt@sfc-ellerstadt.de\" target=\"_blank\" rel=\"noopener\">E-Mail<\/a>.<\/p>\t\t\t\t\t\t<\/div>\n\t\t\t\t<\/div>\n\t\t\t\t\t<\/div>\n\t\t<\/div>\n\t\t\t\t<div class=\"elementor-column elementor-col-33 elementor-top-column elementor-element elementor-element-1a9a682\" data-id=\"1a9a682\" data-element_type=\"column\">\n\t\t\t<div class=\"elementor-widget-wrap elementor-element-populated\">\n\t\t\t\t\t\t\t\t<div class=\"elementor-element elementor-element-e24a1b9 elementor-widget elementor-widget-spacer\" data-id=\"e24a1b9\" data-element_type=\"widget\" data-widget_type=\"spacer.default\">\n\t\t\t\t<div class=\"elementor-widget-container\">\n\t\t\t\t\t<div class=\"elementor-spacer\">\n\t\t\t<div class=\"elementor-spacer-inner\"><\/div>\n\t\t<\/div>\n\t\t\t\t<\/div>\n\t\t\t\t<\/div>\n\t\t\t\t<div class=\"elementor-element elementor-element-1ea08c4 elementor-nav-menu--dropdown-none elementor-nav-menu--indicator-none elementor-widget elementor-widget-nav-menu\" data-id=\"1ea08c4\" data-element_type=\"widget\" data-settings=\"{&quot;sticky&quot;:&quot;top&quot;,&quot;sticky_offset&quot;:115,&quot;layout&quot;:&quot;horizontal&quot;,&quot;sticky_on&quot;:[&quot;desktop&quot;,&quot;tablet&quot;,&quot;mobile&quot;],&quot;sticky_effects_offset&quot;:0}\" data-widget_type=\"nav-menu.default\">\n\t\t\t\t<div class=\"elementor-widget-container\">\n\t\t\t\t\t\t<nav role=\"navigation\" class=\"elementor-nav-menu--main elementor-nav-menu__container elementor-nav-menu--layout-horizontal e--pointer-text e--animation-grow\"><ul id=\"menu-1-1ea08c4\" class=\"elementor-nav-menu\"><li class=\"menu-item menu-item-type-post_type menu-item-object-page menu-item-1375\"><a href=\"https:\/\/www.sfc-ellerstadt.de\/?page_id=1364\" class=\"elementor-item\">Bachpatenschaft<\/a><\/li>\n<li class=\"menu-item menu-item-type-post_type menu-item-object-page menu-item-1374\"><a href=\"https:\/\/www.sfc-ellerstadt.de\/?page_id=1366\" class=\"elementor-item\">Fischerwiese<\/a><\/li>\n<li class=\"menu-item menu-item-type-post_type menu-item-object-page menu-item-3048\"><a href=\"https:\/\/www.sfc-ellerstadt.de\/?page_id=3037\" class=\"elementor-item\">Team IT<\/a><\/li>\n<\/ul><\/nav>\n\t\t\t\t\t<div class=\"elementor-menu-toggle\" role=\"button\" tabindex=\"0\" aria-label=\"Menu Toggle\" aria-expanded=\"false\">\n\t\t\t<i class=\"eicon-menu-bar\" aria-hidden=\"true\"><\/i>\n\t\t\t<span class=\"elementor-screen-only\">Menu<\/span>\n\t\t<\/div>\n\t\t\t<nav class=\"elementor-nav-menu--dropdown elementor-nav-menu__container\" role=\"navigation\" aria-hidden=\"true\"><ul id=\"menu-2-1ea08c4\" class=\"elementor-nav-menu\"><li class=\"menu-item menu-item-type-post_type menu-item-object-page menu-item-1375\"><a href=\"https:\/\/www.sfc-ellerstadt.de\/?page_id=1364\" class=\"elementor-item\">Bachpatenschaft<\/a><\/li>\n<li class=\"menu-item menu-item-type-post_type menu-item-object-page menu-item-1374\"><a href=\"https:\/\/www.sfc-ellerstadt.de\/?page_id=1366\" class=\"elementor-item\">Fischerwiese<\/a><\/li>\n<li class=\"menu-item menu-item-type-post_type menu-item-object-page menu-item-3048\"><a href=\"https:\/\/www.sfc-ellerstadt.de\/?page_id=3037\" class=\"elementor-item\">Team IT<\/a><\/li>\n<\/ul><\/nav>\n\t\t\t\t<\/div>\n\t\t\t\t<\/div>\n\t\t\t\t\t<\/div>\n\t\t<\/div>\n\t\t\t\t\t\t\t<\/div>\n\t\t<\/section>\n\t\t\t\t\t\t\t<\/div>\n\t\t","protected":false},"excerpt":{"rendered":"<p>Projekte des SFC Es gibt nichts Gutes &#8211; au\u00dfer man tut es Im Rahmen unseres Engagements haben wir verschiedene Aufgaben und Ziele definiert, die f\u00fcr uns von zentraler Bedeutung und auf Dauer angelegt sind.Sie dienen dazu, den Verein weiterzuentwickeln, den Vorstand zu unterst\u00fctzen und wichtige Entscheidungen vorzubereiten. Zur Zeit sind dies die Projekte Bachpatenschaft Fischerwiese [&hellip;]<\/p>\n","protected":false},"author":1,"featured_media":0,"parent":8,"menu_order":0,"comment_status":"closed","ping_status":"closed","template":"elementor_header_footer","meta":{"footnotes":""},"class_list":["post-1192","page","type-page","status-publish","hentry"],"_links":{"self":[{"href":"https:\/\/www.sfc-ellerstadt.de\/index.php?rest_route=\/wp\/v2\/pages\/1192","targetHints":{"allow":["GET"]}}],"collection":[{"href":"https:\/\/www.sfc-ellerstadt.de\/index.php?rest_route=\/wp\/v2\/pages"}],"about":[{"href":"https:\/\/www.sfc-ellerstadt.de\/index.php?rest_route=\/wp\/v2\/types\/page"}],"author":[{"embeddable":true,"href":"https:\/\/www.sfc-ellerstadt.de\/index.php?rest_route=\/wp\/v2\/users\/1"}],"replies":[{"embeddable":true,"href":"https:\/\/www.sfc-ellerstadt.de\/index.php?rest_route=%2Fwp%2Fv2%2Fcomments&post=1192"}],"version-history":[{"count":203,"href":"https:\/\/www.sfc-ellerstadt.de\/index.php?rest_route=\/wp\/v2\/pages\/1192\/revisions"}],"predecessor-version":[{"id":4083,"href":"https:\/\/www.sfc-ellerstadt.de\/index.php?rest_route=\/wp\/v2\/pages\/1192\/revisions\/4083"}],"up":[{"embeddable":true,"href":"https:\/\/www.sfc-ellerstadt.de\/index.php?rest_route=\/wp\/v2\/pages\/8"}],"wp:attachment":[{"href":"https:\/\/www.sfc-ellerstadt.de\/index.php?rest_route=%2Fwp%2Fv2%2Fmedia&parent=1192"}],"curies":[{"name":"wp","href":"https:\/\/api.w.org\/{rel}","templated":true}]}}