{"id":1366,"date":"2021-04-18T19:21:13","date_gmt":"2021-04-18T17:21:13","guid":{"rendered":"http:\/\/h2882894.stratoserver.net\/?page_id=1366"},"modified":"2021-07-25T05:45:40","modified_gmt":"2021-07-25T03:45:40","slug":"fischerwiese","status":"publish","type":"page","link":"https:\/\/www.sfc-ellerstadt.de\/?page_id=1366","title":{"rendered":"Fischerwiese"},"content":{"rendered":"\t\t<div data-elementor-type=\"wp-page\" data-elementor-id=\"1366\" class=\"elementor elementor-1366\">\n\t\t\t\t\t\t\t\t\t<section class=\"elementor-section elementor-top-section elementor-element elementor-element-1fdb340 elementor-section-boxed elementor-section-height-default elementor-section-height-default\" data-id=\"1fdb340\" data-element_type=\"section\">\n\t\t\t\t\t\t<div class=\"elementor-container elementor-column-gap-default\">\n\t\t\t\t\t<div class=\"elementor-column elementor-col-66 elementor-top-column elementor-element elementor-element-cef4e3b\" data-id=\"cef4e3b\" data-element_type=\"column\">\n\t\t\t<div class=\"elementor-widget-wrap elementor-element-populated\">\n\t\t\t\t\t\t\t\t<div class=\"elementor-element elementor-element-fe783e1 elementor-widget elementor-widget-spacer\" data-id=\"fe783e1\" data-element_type=\"widget\" data-widget_type=\"spacer.default\">\n\t\t\t\t<div class=\"elementor-widget-container\">\n\t\t\t\t\t<div class=\"elementor-spacer\">\n\t\t\t<div class=\"elementor-spacer-inner\"><\/div>\n\t\t<\/div>\n\t\t\t\t<\/div>\n\t\t\t\t<\/div>\n\t\t\t\t<div class=\"elementor-element elementor-element-24cd3f4 elementor-widget elementor-widget-heading\" data-id=\"24cd3f4\" data-element_type=\"widget\" data-widget_type=\"heading.default\">\n\t\t\t\t<div class=\"elementor-widget-container\">\n\t\t\t<h2 class=\"elementor-heading-title elementor-size-default\">Die Fischerwiese<\/h2>\t\t<\/div>\n\t\t\t\t<\/div>\n\t\t\t\t<div class=\"elementor-element elementor-element-b4b709f elementor-widget elementor-widget-text-editor\" data-id=\"b4b709f\" data-element_type=\"widget\" data-widget_type=\"text-editor.default\">\n\t\t\t\t<div class=\"elementor-widget-container\">\n\t\t\t\t\t\t\t<p>Ein Wiesengrundst\u00fcck, etwa eineinhalb Kilometer vom Weiher entfernt, hat auf den ersten Blick sicher nichts mit Fischen zu tun.<\/p><p>Vor allem zwei Gr\u00fcnde haben uns bewogen, dieses Projekt anzugehen:<\/p><ol><li>Im Rahmen unserer Jugendarbeit suchen wir auch den Austausch mit Jugendgruppen anderer Sport-Fischer-Vereine. Da steht naturgem\u00e4\u00df das Fischen an den Gew\u00e4ssern der jeweiligen Gastgeber im Vordergrund. Dabei allein soll es aber nicht bleiben. F\u00fcr die gegenseitigen Besuche streben wir an, ein Wochenende oder in den Ferien vielleicht auch l\u00e4nger, miteinander zu verbringen. Da wir als kleiner Verein nicht \u00fcber ein eigenes Clubhaus verf\u00fcgen und sich das Zelten am Weiher verbietet, sind wir auf die Idee gekommen, mit unserer Fischerwiese eine Begegnungsst\u00e4tte zu schaffen. Hier soll es m\u00f6glich werden, in naturbelassener Umgebung zu Zelten und Freizeit miteinander zu gestalten.<\/li><li>Zu unserem Selbstverst\u00e4ndnis geh\u00f6rt, \u00fcber den Angelsport hinaus, zur Schaffung und Bewahrung intakter Umwelt und Natur beizutragen. Au\u00dferdem m\u00f6chten wir Kinder und Jugendliche durch interessante Informationen, Anleitungen und Erlebnisse zu einem sorgsamen Umgang mit nat\u00fcrlichen Ressourcen anleiten.<\/li><\/ol><p><br \/>Eine Brachfl\u00e4che von 3.000 m\u00b2 (vormals Obstanbau) haben wir von 4-5 m hohen Brombeerhecken befreit (siehe Fotos), die allen anderen Bewuchs erstickten. Soweit m\u00f6glich, wurde ein Teil unterschiedlicher, alter Geh\u00f6lze bewusst beibehalten. Hier soll eine Wiese der Artenvielfalt mit vielen unterschiedlichen Bl\u00fchpflanzen und alten Baumsorten entstehen.<\/p>\t\t\t\t\t\t<\/div>\n\t\t\t\t<\/div>\n\t\t\t\t<div class=\"elementor-element elementor-element-5486b57 elementor-widget elementor-widget-image\" data-id=\"5486b57\" data-element_type=\"widget\" data-widget_type=\"image.default\">\n\t\t\t\t<div class=\"elementor-widget-container\">\n\t\t\t\t\t\t\t\t\t\t\t\t\t\t\t\t<a href=\"https:\/\/www.sfc-ellerstadt.de\/wp_cms\/wp-content\/uploads\/2021\/05\/FW-Vision-Fischerwiese-010.jpg\" data-elementor-open-lightbox=\"yes\" data-elementor-lightbox-title=\"Vision Fischerwiese\" e-action-hash=\"#elementor-action%3Aaction%3Dlightbox%26settings%3DeyJpZCI6MjQ0NCwidXJsIjoiaHR0cHM6XC9cL3d3dy5zZmMtZWxsZXJzdGFkdC5kZVwvd3BfY21zXC93cC1jb250ZW50XC91cGxvYWRzXC8yMDIxXC8wNVwvRlctVmlzaW9uLUZpc2NoZXJ3aWVzZS0wMTAuanBnIn0%3D\">\n\t\t\t\t\t\t\t<img loading=\"lazy\" decoding=\"async\" width=\"300\" height=\"225\" src=\"https:\/\/www.sfc-ellerstadt.de\/wp_cms\/wp-content\/uploads\/2021\/05\/FW-Vision-Fischerwiese-010-300x225.jpg\" class=\"attachment-medium size-medium\" alt=\"\" srcset=\"https:\/\/www.sfc-ellerstadt.de\/wp_cms\/wp-content\/uploads\/2021\/05\/FW-Vision-Fischerwiese-010-300x225.jpg 300w, https:\/\/www.sfc-ellerstadt.de\/wp_cms\/wp-content\/uploads\/2021\/05\/FW-Vision-Fischerwiese-010-1024x766.jpg 1024w, https:\/\/www.sfc-ellerstadt.de\/wp_cms\/wp-content\/uploads\/2021\/05\/FW-Vision-Fischerwiese-010-768x575.jpg 768w, https:\/\/www.sfc-ellerstadt.de\/wp_cms\/wp-content\/uploads\/2021\/05\/FW-Vision-Fischerwiese-010-1536x1150.jpg 1536w, https:\/\/www.sfc-ellerstadt.de\/wp_cms\/wp-content\/uploads\/2021\/05\/FW-Vision-Fischerwiese-010.jpg 2000w\" sizes=\"auto, (max-width: 300px) 100vw, 300px\" \/>\t\t\t\t\t\t\t\t<\/a>\n\t\t\t\t\t\t\t\t\t\t\t\t\t\t\t<\/div>\n\t\t\t\t<\/div>\n\t\t\t\t<div class=\"elementor-element elementor-element-da03e61 elementor-skin-carousel elementor-widget elementor-widget-media-carousel\" data-id=\"da03e61\" data-element_type=\"widget\" data-settings=\"{&quot;skin&quot;:&quot;carousel&quot;,&quot;effect&quot;:&quot;slide&quot;,&quot;speed&quot;:500,&quot;space_between&quot;:{&quot;unit&quot;:&quot;px&quot;,&quot;size&quot;:10,&quot;sizes&quot;:[]},&quot;space_between_tablet&quot;:{&quot;unit&quot;:&quot;px&quot;,&quot;size&quot;:10,&quot;sizes&quot;:[]},&quot;space_between_mobile&quot;:{&quot;unit&quot;:&quot;px&quot;,&quot;size&quot;:10,&quot;sizes&quot;:[]}}\" data-widget_type=\"media-carousel.default\">\n\t\t\t\t<div class=\"elementor-widget-container\">\n\t\t\t\t\t<div class=\"elementor-swiper\">\n\t\t\t<div class=\"elementor-main-swiper swiper-container\">\n\t\t\t\t<div class=\"swiper-wrapper\">\n\t\t\t\t\t\t\t\t\t\t\t<div class=\"swiper-slide\">\n\t\t\t\t\t\t\t<a href=\"https:\/\/www.sfc-ellerstadt.de\/wp_cms\/wp-content\/uploads\/2021\/05\/FiWi-Start-Fischerwiese_Rodung-01-1.jpg\" data-elementor-open-lightbox=\"yes\" data-elementor-lightbox-slideshow=\"da03e61\" data-elementor-lightbox-title=\"Start der Rodung\" e-action-hash=\"#elementor-action%3Aaction%3Dlightbox%26settings%3DeyJpZCI6MzI5MCwidXJsIjoiaHR0cHM6XC9cL3d3dy5zZmMtZWxsZXJzdGFkdC5kZVwvd3BfY21zXC93cC1jb250ZW50XC91cGxvYWRzXC8yMDIxXC8wNVwvRmlXaS1TdGFydC1GaXNjaGVyd2llc2VfUm9kdW5nLTAxLTEuanBnIiwic2xpZGVzaG93IjoiZGEwM2U2MSJ9\">\t\t<div class=\"elementor-carousel-image\" style=\"background-image: url(https:\/\/www.sfc-ellerstadt.de\/wp_cms\/wp-content\/uploads\/2021\/05\/FiWi-Start-Fischerwiese_Rodung-01-1.jpg)\">\n\t\t\t\t\t<\/div>\n\t\t<\/a>\t\t\t\t\t\t<\/div>\n\t\t\t\t\t\t\t\t\t\t\t<div class=\"swiper-slide\">\n\t\t\t\t\t\t\t<a href=\"https:\/\/www.sfc-ellerstadt.de\/wp_cms\/wp-content\/uploads\/2021\/05\/FiWi-am-Tag-der-Rodung-10.jpg\" data-elementor-open-lightbox=\"yes\" data-elementor-lightbox-slideshow=\"da03e61\" data-elementor-lightbox-title=\"Am Tag der Rodung\" e-action-hash=\"#elementor-action%3Aaction%3Dlightbox%26settings%3DeyJpZCI6MzI4OSwidXJsIjoiaHR0cHM6XC9cL3d3dy5zZmMtZWxsZXJzdGFkdC5kZVwvd3BfY21zXC93cC1jb250ZW50XC91cGxvYWRzXC8yMDIxXC8wNVwvRmlXaS1hbS1UYWctZGVyLVJvZHVuZy0xMC5qcGciLCJzbGlkZXNob3ciOiJkYTAzZTYxIn0%3D\">\t\t<div class=\"elementor-carousel-image\" style=\"background-image: url(https:\/\/www.sfc-ellerstadt.de\/wp_cms\/wp-content\/uploads\/2021\/05\/FiWi-am-Tag-der-Rodung-10.jpg)\">\n\t\t\t\t\t<\/div>\n\t\t<\/a>\t\t\t\t\t\t<\/div>\n\t\t\t\t\t\t\t\t\t\t\t<div class=\"swiper-slide\">\n\t\t\t\t\t\t\t<a href=\"https:\/\/www.sfc-ellerstadt.de\/wp_cms\/wp-content\/uploads\/2021\/05\/FW-Fischerwiese-Aufbau-Benjeshecke-1.jpg\" data-elementor-open-lightbox=\"yes\" data-elementor-lightbox-slideshow=\"da03e61\" data-elementor-lightbox-title=\"Aufbau der Benjeshecke\" e-action-hash=\"#elementor-action%3Aaction%3Dlightbox%26settings%3DeyJpZCI6MzI5MSwidXJsIjoiaHR0cHM6XC9cL3d3dy5zZmMtZWxsZXJzdGFkdC5kZVwvd3BfY21zXC93cC1jb250ZW50XC91cGxvYWRzXC8yMDIxXC8wNVwvRlctRmlzY2hlcndpZXNlLUF1ZmJhdS1CZW5qZXNoZWNrZS0xLmpwZyIsInNsaWRlc2hvdyI6ImRhMDNlNjEifQ%3D%3D\">\t\t<div class=\"elementor-carousel-image\" style=\"background-image: url(https:\/\/www.sfc-ellerstadt.de\/wp_cms\/wp-content\/uploads\/2021\/05\/FW-Fischerwiese-Aufbau-Benjeshecke-1.jpg)\">\n\t\t\t\t\t<\/div>\n\t\t<\/a>\t\t\t\t\t\t<\/div>\n\t\t\t\t\t\t\t\t\t<\/div>\n\t\t\t\t\t\t\t\t\t\t\t\t\t\t\t\t\t\t\t\t\t<\/div>\n\t\t<\/div>\n\t\t\t\t<\/div>\n\t\t\t\t<\/div>\n\t\t\t\t<div class=\"elementor-element elementor-element-0b142bc elementor-widget elementor-widget-heading\" data-id=\"0b142bc\" data-element_type=\"widget\" data-widget_type=\"heading.default\">\n\t\t\t\t<div class=\"elementor-widget-container\">\n\t\t\t<h4 class=\"elementor-heading-title elementor-size-default\">Die Aufgaben<\/h4>\t\t<\/div>\n\t\t\t\t<\/div>\n\t\t\t\t<div class=\"elementor-element elementor-element-8ca86c3 elementor-widget elementor-widget-text-editor\" data-id=\"8ca86c3\" data-element_type=\"widget\" data-widget_type=\"text-editor.default\">\n\t\t\t\t<div class=\"elementor-widget-container\">\n\t\t\t\t\t\t\t<ul><li>Bepflanzung mit B\u00e4umen, Geh\u00f6lzen, Str\u00e4uchern, Wildblumen und Gr\u00e4sern planen und umsetzen<\/li><li>Laufende Pflege der Fischerwiese<\/li><li>Nistk\u00e4sten bauen und anbringen<\/li><li>Schautafeln f\u00fcr Fischerwiese und Heidewald planen, koordinieren mit anderen beteiligten Stellen, bauen und aufstellen<\/li><li>&#8230; und vieles mehr<\/li><\/ul>\t\t\t\t\t\t<\/div>\n\t\t\t\t<\/div>\n\t\t\t\t<div class=\"elementor-element elementor-element-9755945 elementor-widget elementor-widget-heading\" data-id=\"9755945\" data-element_type=\"widget\" data-widget_type=\"heading.default\">\n\t\t\t\t<div class=\"elementor-widget-container\">\n\t\t\t<h4 class=\"elementor-heading-title elementor-size-default\">Das Team<\/h4>\t\t<\/div>\n\t\t\t\t<\/div>\n\t\t\t\t<div class=\"elementor-element elementor-element-a03d293 elementor-widget elementor-widget-text-editor\" data-id=\"a03d293\" data-element_type=\"widget\" data-widget_type=\"text-editor.default\">\n\t\t\t\t<div class=\"elementor-widget-container\">\n\t\t\t\t\t\t\t<p>Folgende Vereinsmitglieder engagieren sich im Team Fischerwiese:<\/p><ul><li>Kerstin Funke-Merkel<\/li><li>Peter Georgens<\/li><\/ul>\t\t\t\t\t\t<\/div>\n\t\t\t\t<\/div>\n\t\t\t\t<div class=\"elementor-element elementor-element-1938bcf elementor-widget elementor-widget-text-editor\" data-id=\"1938bcf\" data-element_type=\"widget\" data-widget_type=\"text-editor.default\">\n\t\t\t\t<div class=\"elementor-widget-container\">\n\t\t\t\t\t\t\t<p>Wir sind noch auf der Suche nach weiteren Mitstreitern, die sich an dem spannenden Projekt beteiligen m\u00f6chten. Bei Interesse, Fragen oder Anregungen<a href=\"mailto: kontakt@sfc-ellerstadt.de\" target=\"_blank\" rel=\"noopener\"> kontaktieren<\/a> Sie uns gerne.<\/p>\t\t\t\t\t\t<\/div>\n\t\t\t\t<\/div>\n\t\t\t\t\t<\/div>\n\t\t<\/div>\n\t\t\t\t<div class=\"elementor-column elementor-col-33 elementor-top-column elementor-element elementor-element-fb354a5\" data-id=\"fb354a5\" data-element_type=\"column\">\n\t\t\t<div class=\"elementor-widget-wrap elementor-element-populated\">\n\t\t\t\t\t\t\t\t<div class=\"elementor-element elementor-element-01670a1 elementor-widget elementor-widget-spacer\" data-id=\"01670a1\" data-element_type=\"widget\" data-widget_type=\"spacer.default\">\n\t\t\t\t<div class=\"elementor-widget-container\">\n\t\t\t\t\t<div class=\"elementor-spacer\">\n\t\t\t<div class=\"elementor-spacer-inner\"><\/div>\n\t\t<\/div>\n\t\t\t\t<\/div>\n\t\t\t\t<\/div>\n\t\t\t\t<div class=\"elementor-element elementor-element-fddc438 elementor-nav-menu--indicator-none elementor-nav-menu--dropdown-none elementor-widget elementor-widget-nav-menu\" data-id=\"fddc438\" data-element_type=\"widget\" data-settings=\"{&quot;sticky&quot;:&quot;top&quot;,&quot;sticky_offset&quot;:100,&quot;layout&quot;:&quot;horizontal&quot;,&quot;sticky_on&quot;:[&quot;desktop&quot;,&quot;tablet&quot;,&quot;mobile&quot;],&quot;sticky_effects_offset&quot;:0}\" data-widget_type=\"nav-menu.default\">\n\t\t\t\t<div class=\"elementor-widget-container\">\n\t\t\t\t\t\t<nav role=\"navigation\" class=\"elementor-nav-menu--main elementor-nav-menu__container elementor-nav-menu--layout-horizontal e--pointer-text e--animation-grow\"><ul id=\"menu-1-fddc438\" class=\"elementor-nav-menu\"><li class=\"menu-item menu-item-type-post_type menu-item-object-page menu-item-1375\"><a href=\"https:\/\/www.sfc-ellerstadt.de\/?page_id=1364\" class=\"elementor-item\">Bachpatenschaft<\/a><\/li>\n<li class=\"menu-item menu-item-type-post_type menu-item-object-page menu-item-1374\"><a href=\"https:\/\/www.sfc-ellerstadt.de\/?page_id=1366\" class=\"elementor-item\">Fischerwiese<\/a><\/li>\n<li class=\"menu-item menu-item-type-post_type menu-item-object-page menu-item-3048\"><a href=\"https:\/\/www.sfc-ellerstadt.de\/?page_id=3037\" class=\"elementor-item\">Team IT<\/a><\/li>\n<\/ul><\/nav>\n\t\t\t\t\t<div class=\"elementor-menu-toggle\" role=\"button\" tabindex=\"0\" aria-label=\"Menu Toggle\" aria-expanded=\"false\">\n\t\t\t<i class=\"eicon-menu-bar\" aria-hidden=\"true\"><\/i>\n\t\t\t<span class=\"elementor-screen-only\">Menu<\/span>\n\t\t<\/div>\n\t\t\t<nav class=\"elementor-nav-menu--dropdown elementor-nav-menu__container\" role=\"navigation\" aria-hidden=\"true\"><ul id=\"menu-2-fddc438\" class=\"elementor-nav-menu\"><li class=\"menu-item menu-item-type-post_type menu-item-object-page menu-item-1375\"><a href=\"https:\/\/www.sfc-ellerstadt.de\/?page_id=1364\" class=\"elementor-item\">Bachpatenschaft<\/a><\/li>\n<li class=\"menu-item menu-item-type-post_type menu-item-object-page menu-item-1374\"><a href=\"https:\/\/www.sfc-ellerstadt.de\/?page_id=1366\" class=\"elementor-item\">Fischerwiese<\/a><\/li>\n<li class=\"menu-item menu-item-type-post_type menu-item-object-page menu-item-3048\"><a href=\"https:\/\/www.sfc-ellerstadt.de\/?page_id=3037\" class=\"elementor-item\">Team IT<\/a><\/li>\n<\/ul><\/nav>\n\t\t\t\t<\/div>\n\t\t\t\t<\/div>\n\t\t\t\t\t<\/div>\n\t\t<\/div>\n\t\t\t\t\t\t\t<\/div>\n\t\t<\/section>\n\t\t\t\t\t\t\t<\/div>\n\t\t","protected":false},"excerpt":{"rendered":"<p>Die Fischerwiese Ein Wiesengrundst\u00fcck, etwa eineinhalb Kilometer vom Weiher entfernt, hat auf den ersten Blick sicher nichts mit Fischen zu tun. Vor allem zwei Gr\u00fcnde haben uns bewogen, dieses Projekt anzugehen: Im Rahmen unserer Jugendarbeit suchen wir auch den Austausch mit Jugendgruppen anderer Sport-Fischer-Vereine. Da steht naturgem\u00e4\u00df das Fischen an den Gew\u00e4ssern der jeweiligen Gastgeber [&hellip;]<\/p>\n","protected":false},"author":1,"featured_media":0,"parent":1192,"menu_order":0,"comment_status":"closed","ping_status":"closed","template":"elementor_header_footer","meta":{"footnotes":""},"class_list":["post-1366","page","type-page","status-publish","hentry"],"_links":{"self":[{"href":"https:\/\/www.sfc-ellerstadt.de\/index.php?rest_route=\/wp\/v2\/pages\/1366","targetHints":{"allow":["GET"]}}],"collection":[{"href":"https:\/\/www.sfc-ellerstadt.de\/index.php?rest_route=\/wp\/v2\/pages"}],"about":[{"href":"https:\/\/www.sfc-ellerstadt.de\/index.php?rest_route=\/wp\/v2\/types\/page"}],"author":[{"embeddable":true,"href":"https:\/\/www.sfc-ellerstadt.de\/index.php?rest_route=\/wp\/v2\/users\/1"}],"replies":[{"embeddable":true,"href":"https:\/\/www.sfc-ellerstadt.de\/index.php?rest_route=%2Fwp%2Fv2%2Fcomments&post=1366"}],"version-history":[{"count":97,"href":"https:\/\/www.sfc-ellerstadt.de\/index.php?rest_route=\/wp\/v2\/pages\/1366\/revisions"}],"predecessor-version":[{"id":4350,"href":"https:\/\/www.sfc-ellerstadt.de\/index.php?rest_route=\/wp\/v2\/pages\/1366\/revisions\/4350"}],"up":[{"embeddable":true,"href":"https:\/\/www.sfc-ellerstadt.de\/index.php?rest_route=\/wp\/v2\/pages\/1192"}],"wp:attachment":[{"href":"https:\/\/www.sfc-ellerstadt.de\/index.php?rest_route=%2Fwp%2Fv2%2Fmedia&parent=1366"}],"curies":[{"name":"wp","href":"https:\/\/api.w.org\/{rel}","templated":true}]}}